et p be g(-2). Let m = -66 + p. What is the units digit of m?
9
Let r(d) = -d**2 + 13*d + 11. Let p be r(5). What is the tens digit of (-6)/(p/57 + -1)?
5
What is the thousands digit of (-2125)/(-2) + (77/(-22) - -4)?
1
Let h(p) = -14*p + 741. What is the hundreds digit of h(-15)?
9
Suppose 0 = 23*m - 19*m - 304. Suppose 31*r - m = 29*r. What is the tens digit of r?
3
Let m(w) = -4*w + 170. Let d be m(0). Suppose 5*h - d = -5*a, h - 6*h = 15. What is the tens digit of a?
3
Let a(w) = -w**3 + 6*w**2 + 11*w - 6. Let r be a(7). Let p be (-25 - -1)*(-9)/(-6). What is the tens digit of p*(3 + r/(-6))?
2
Let r be (-22)/(-10) - ((-5)/(-25) - 0). What is the units digit of (-41 - r)*((-1 - 2) + 2)?
3
Let l(z) = -z**3 + 5*z**2 - 4*z + 2. Let d be l(4). Suppose 2*u - 2*r + d = -2*u, -5*r = 3*u - 5. What is the units digit of 35 - 0 - (u + 3)?
2
Suppose 0 = 4*x + 8, 2*x - 1 = 5*b - 0*b. Let u = 7 + b. What is the units digit of 0 + 11 - (-4 + u)?
9
Let c(l) = 417*l + 234. What is the units digit of c(6)?
6
Suppose 2*v = 2*c + 616, c = -4*v + 892 + 350. What is the hundreds digit of v?
3
Suppose -9*t + 11 = 2*t. What is the units digit of -2 + 123 - (t - 0/(-4))?
0
Let k be -1 + (-5 + 67)*6. Suppose -9*f - k = -1037. What is the units digit of f?
4
Suppose b = -2*b - 3*c + 270, -3*b = -c - 278. Let a = 154 - b. What is the units digit of a?
2
Let q = 248 - -149. What is the tens digit of q?
9
Let z(g) = -67*g. Let o be z(-2). Let c = -96 + o. What is the tens digit of c?
3
Let o(j) = 0 + 1 + 0*j + 0 + j. Let h be o(3). Suppose 21 = 3*z - 5*p, 2*p = -h*z + 3 - 1. What is the units digit of z?
2
Let y be 2/(-3) + 20/30. Let z be 1/1*(3 - y). Suppose -42 = -z*w + 33. What is the tens digit of w?
2
Let w(r) = -2*r**3 + 2*r**2 + 2*r. Let b be w(2). Let s(c) = 4*c**2 - 2*c - 5. What is the tens digit of s(b)?
6
Let n(v) = -v**2 - 5*v - 4. Let k be n(-3). What is the units digit of k/(8/(-78))*(-60)/9?
0
Suppose -c + h = -7, 0*c - 5*c = -4*h - 30. Suppose 0 = -3*d - c*r + 219, -3*d - 5*r - 90 = -4*d. Let u = d + -41. What is the units digit of u?
4
Suppose -4*i = 6 + 10. Let z = 22 - 52. What is the units digit of (-6)/i*(-80)/z?
4
Suppose -122 = -x - 2*l, 2*l = 6*x - x - 574. What is the units digit of x?
6
Suppose 25 = -4*z + 9*z. Suppose -z*k + 36 = -k. What is the tens digit of k/((-108)/112)*-3?
2
Let d = -106 + 320. What is the units digit of d?
4
Let a be (-51)/68 + (-26)/8. What is the units digit of 9*(a + (-4 - -9))?
9
Let a = -175 + 1302. What is the units digit of a?
7
Let g = -1632 + 3078. What is the thousands digit of g?
1
Let i(c) = -10*c**2 + 3*c - 2. Let m(o) = -51*o**2 + 15*o - 9. Let b(r) = 24*i(r) - 5*m(r). What is the tens digit of b(3)?
2
Let y be (0/3)/((-3)/3). Suppose 0 = u - 3*f - 96, y*u + 3*f - 90 = -u. Suppose 5*s - 4*x = u, -4*s + 75 = -x - 2*x. What is the tens digit of s?
2
What is the units digit of 571 + (-45)/(-5) + 9?
9
Let w(j) = -j**3 - j. Let f(s) = 3*s**3 - 18*s**2 + 15*s - 25. Let b(h) = f(h) + 4*w(h). What is the hundreds digit of b(-19)?
1
Let l = 1601 + -1050. What is the units digit of l?
1
Let z(y) = -51*y + 20. What is the hundreds digit of z(-6)?
3
Let s be (13/(-26))/((-2)/276). Suppose -2*i + 11 = -s. What is the tens digit of i?
4
Let n(k) = 4*k**2 + k + 320. Let i(p) = 9*p**2 + 3*p + 640. Let v(g) = -3*i(g) + 7*n(g). Let d be v(0). Suppose h - 6*h = -d. What is the tens digit of h?
6
Let z(v) = -v**2 + 8*v + 29. Let u be z(11). Let i be (1/2)/((-1)/20). What is the units digit of (u/(-5))/((-4)/i)?
2
Let x(s) = -s**2 + 9*s + 14. Let j be x(14). Let r = j + 273. What is the tens digit of r?
1
Let h be (-1773)/36 - (-2)/8. Let y = 3 + h. Let m = 76 + y. What is the tens digit of m?
3
Let s = -85 + 2256. What is the tens digit of s?
7
Suppose -u - 4882 = 5*o - 13585, -6969 = -4*o - 3*u. What is the hundreds digit of o?
7
Suppose 12*i - 3824 = 10*i + 4*y, 2*y + 5724 = 3*i. What is the hundreds digit of i?
9
Let w(d) = 5*d - 34. Let j(f) = 4*f - 33. Let z(u) = -3*j(u) + 2*w(u). What is the units digit of z(14)?
3
Suppose -12 = z - 3*x, -4 = 3*z + x - 18. Let w be ((-64)/(-12) - 5)*9. Suppose -w*b + 33 = 3*i, -2*b + 22 - z = 3*i. What is the units digit of b?
4
Let d = -321 - -596. What is the units digit of (-29 + d)/((3 - 1)/1)?
3
Suppose -64*z + 8*z + 73864 = 0. What is the tens digit of z?
1
Let g = 47 + -41. Suppose g*i - 9*i = -366. What is the units digit of i?
2
Suppose 5*z - 4*w = -46 - 94, 2*z = -w - 43. What is the units digit of (-68)/(-5) - z/(-40)?
3
Let m(a) = a**3 - a**2 + a. Let v(f) = 7*f**3 - 2*f - 2. Let s(g) = -6*m(g) + v(g). Let o be s(-7). Suppose o = -5*x + 20. What is the units digit of x?
3
Let v(h) = -10 - 4 + 7*h**2 + 20 - 7 + 7*h. What is the hundreds digit of v(-5)?
1
Suppose -20*m + 4*i - 15708 = -24*m, -m + 4*i + 3902 = 0. What is the units digit of m?
2
Let t = -1835 - -2930. What is the thousands digit of t?
1
Let z = -814 + 3278. What is the units digit of z?
4
Suppose 14*a - 6*a + 48 = 0. Let r(u) = -18*u - 9. What is the units digit of r(a)?
9
Suppose -4*s - 5064 = 4*p, -4*p + 2*p = 3*s + 3795. What is the tens digit of 6/27 + s/(-27)?
4
Suppose 3*m = 3*o - 10 - 20, -78 = -5*o - 2*m. Let r = 2 + o. What is the tens digit of r?
1
Let l = 2697 - 1201. What is the units digit of l?
6
Suppose -2*q - 172 = -4302. What is the units digit of q?
5
Let j(o) = -37 + 15*o + 18 + 24 + o**2. What is the units digit of j(8)?
9
Let l(g) = 2 + g + 3*g**2 - 17*g**2 - 12*g**2 + 0. Let d be l(-1). Let v = 60 + d. What is the tens digit of v?
3
Suppose -k = -4*c - 1563, 3*c - 3*k + 0*k + 1170 = 0. Let v = -275 - c. What is the tens digit of v?
1
Suppose -19 = -k - 3*w - 2*w, 4*w = 2*k + 4. Suppose -k*c + 336 = 36. What is the units digit of c?
5
Suppose 0 = 3*d - d. Suppose d = -5*g + g. Suppose 15 = -g*h + h. What is the tens digit of h?
1
Let z(r) = r**3 + r**2 + 50*r + 21. What is the tens digit of z(10)?
2
Let t = -55 + 59. Suppose 98 = t*x - 342. What is the hundreds digit of x?
1
Suppose 3*r = 2*h - 457, 0 = -2*h - 8*r + 4*r + 450. What is the units digit of h?
7
Suppose 64*w = 53*w + 10406. What is the hundreds digit of w?
9
Suppose 5*b = -5*k + 505, 3*k + 9*b - 311 = 14*b. What is the hundreds digit of k?
1
Let h = -1175 + 1349. What is the tens digit of h?
7
Let v be 2/11 - 546/(-143). Suppose -3*b + 32 = -4*t, -3*b + b + v*t = -24. Let g = b - -12. What is the units digit of g?
0
Let m = 354 + 153. What is the tens digit of m?
0
Let h(v) = v**3 + 2*v**2 - 5*v - 4. Let m be h(-3). Suppose 5*l + 32 = 7, -m*z = -5*l - 35. Let s = 7 - z. What is the units digit of s?
2
Let a = -148 - -596. What is the hundreds digit of a?
4
Suppose n - 900 = -4*n. Let f = n - 40. Suppose 0 = -4*y + 108 + f. What is the tens digit of y?
6
Suppose -3*r = -3, -4*z = -5*r - 3451 - 1436. What is the units digit of z?
3
Let g = 1912 - 406. What is the hundreds digit of g?
5
Let v be (-27)/(-5) - 12/30. Suppose 20 = v*f, -2*c + 0*f + f = -12. Suppose 3*b - c = 7. What is the units digit of b?
5
Suppose -n = t - 3 - 137, n - 5*t = 152. What is the hundreds digit of n?
1
Let u be (12/8)/(4/88). Let d = u + 28. What is the tens digit of d?
6
Let n = -12 + 12. Suppose n = 4*v + 23 - 67. Let d(f) = -f**2 + 12*f + 1. What is the tens digit of d(v)?
1
Let i be 0 - (1 - (7 + 8/(-4))). Let f(w) = w**2 - 3 + 0 + 5 - 4*w. What is the units digit of f(i)?
2
Let x = 369 + 204. What is the units digit of x?
3
Suppose -19*n = -231 - 529. What is the units digit of n?
0
Let l be 10*1/((-25)/(-10)). What is the tens digit of ((-940)/20)/((-2)/l)?
9
Let c be 4/(-18) - 7035/(-189). Let d = c - -9. What is the units digit of d?
6
Suppose 0 = -2*h - 4*g + 1678, -h + g + 552 + 296 = 0. What is the units digit of (90/40)/(2 + h/(-424))?
8
Let w(c) = -c**3 - c**2 + 2*c + 3. Let s be w(3). Let n = s - -96. What is the tens digit of n?
6
Let l = 7 + 6. Suppose 3*o - 158 - l = 0. What is the units digit of o?
7
Let q = 1038 + -470. What is the units digit of q?
8
Suppose 2*q - 43 = t + 46, 5*q = t + 218. Suppose -q = -5*s + 172. Suppose -5*b + s = -47. What is the tens digit of b?
1
Let h be (-2)/4 + 1/2. Let m be 61 + (4/1 - 5). Suppose 0*x + 2*x - m = h. What is the units digit of x?
0
Let o(d) be the third derivative of 1/60*d**5 + 0 +